divisor of 16 and 7312?
16
What is the highest common factor of 23 and 621?
23
Calculate the greatest common divisor of 804 and 12.
12
What is the greatest common divisor of 90 and 1620?
90
Calculate the greatest common divisor of 3038 and 98.
98
What is the greatest common factor of 178 and 2?
2
Calculate the greatest common divisor of 689 and 52.
13
What is the highest common divisor of 572 and 39?
13
What is the highest common divisor of 1628 and 1036?
148
Calculate the greatest common divisor of 91500 and 244.
244
What is the highest common divisor of 185 and 703?
37
What is the greatest common factor of 176 and 32?
16
Calculate the highest common factor of 3 and 27.
3
What is the highest common factor of 440 and 2680?
40
Calculate the greatest common divisor of 1 and 7.
1
Calculate the highest common divisor of 10946 and 104.
26
What is the highest common divisor of 41 and 2255?
41
Calculate the highest common divisor of 6441 and 226.
113
Calculate the greatest common divisor of 119 and 221.
17
Calculate the greatest common factor of 242 and 6.
2
Calculate the highest common factor of 35 and 28805.
35
What is the highest common divisor of 280 and 35?
35
Calculate the greatest common factor of 660 and 120.
60
Calculate the highest common factor of 226 and 5198.
226
Calculate the greatest common factor of 9384 and 306.
102
What is the greatest common divisor of 216 and 2088?
72
Calculate the highest common divisor of 1426 and 92.
46
Calculate the greatest common factor of 15 and 90.
15
What is the greatest common factor of 400 and 32?
16
Calculate the highest common factor of 192 and 1856.
64
What is the highest common divisor of 45 and 130?
5
Calculate the greatest common divisor of 344 and 387.
43
Calculate the greatest common divisor of 1026 and 228.
114
What is the highest common factor of 31 and 775?
31
Calculate the greatest common divisor of 1125 and 360.
45
What is the greatest common divisor of 156 and 1404?
156
Calculate the greatest common divisor of 160 and 120.
40
What is the highest common divisor of 448 and 728?
56
What is the highest common factor of 11102 and 98?
14
What is the highest common factor of 546 and 28?
14
What is the highest common factor of 132 and 3531?
33
Calculate the highest common divisor of 171 and 153.
9
What is the greatest common factor of 1972 and 68?
68
Calculate the greatest common factor of 135 and 21555.
45
Calculate the highest common factor of 64 and 176.
16
What is the highest common divisor of 3434 and 51?
17
Calculate the greatest common factor of 324 and 132.
12
Calculate the highest common factor of 1134 and 168.
42
What is the greatest common factor of 1247 and 86?
43
Calculate the highest common factor of 135 and 45.
45
Calculate the greatest common divisor of 80 and 560.
80
Calculate the highest common divisor of 232 and 58.
58
Calculate the greatest common factor of 3625 and 250.
125
What is the greatest common divisor of 147 and 42?
21
Calculate the greatest common factor of 312 and 44.
4
What is the greatest common factor of 28 and 1652?
28
Calculate the greatest common factor of 32552 and 104.
104
Calculate the greatest common divisor of 41 and 246.
41
What is the highest common factor of 23 and 2047?
23
Calculate the greatest common divisor of 2414 and 71.
71
Calculate the greatest common divisor of 85 and 51.
17
What is the highest common factor of 231 and 2604?
21
What is the greatest common factor of 800 and 16?
16
Calculate the highest common factor of 37044 and 108.
108
What is the greatest common factor of 24 and 18?
6
Calculate the highest common divisor of 8256 and 172.
172
What is the greatest common factor of 204 and 1173?
51
What is the greatest common divisor of 4 and 3292?
4
What is the highest common divisor of 37994 and 314?
314
Calculate the greatest common factor of 81 and 351.
27
Calculate the highest common factor of 300 and 11850.
150
Calculate the greatest common factor of 7 and 70.
7
Calculate the greatest common factor of 122 and 4.
2
Calculate the highest common divisor of 732 and 192.
12
Calculate the greatest common factor of 133 and 1425.
19
What is the highest common factor of 61 and 4819?
61
What is the greatest common divisor of 35 and 235?
5
Calculate the highest common factor of 436 and 4796.
436
What is the highest common divisor of 188 and 2?
2
What is the greatest common factor of 2 and 66?
2
Calculate the highest common factor of 8 and 5932.
4
Calculate the highest common divisor of 736 and 46.
46
What is the highest common factor of 680 and 32300?
340
What is the highest common divisor of 25058 and 1122?
374
Calculate the highest common factor of 7 and 77.
7
What is the greatest common factor of 98 and 56?
14
Calculate the greatest common factor of 996 and 84.
12
Calculate the greatest common divisor of 69 and 230.
23
Calculate the greatest common factor of 24 and 5208.
24
Calculate the greatest common factor of 7 and 224.
7
Calculate the highest common factor of 87 and 1131.
87
Calculate the highest common factor of 26 and 26.
26
What is the highest common factor of 85 and 17425?
85
Calculate the greatest common factor of 6 and 189.
3
What is the greatest common divisor of 11 and 5269?
11
What is the highest common factor of 40 and 1340?
20
Calculate the greatest common factor of 2178 and 12.
6
What is the highest common factor of 53001 and 351?
351
Calculate the highest common divisor of 24 and 12.
12
What is the greatest common factor of 2871 and 286?
11
What is the highest common factor of 1105 and 340?
85
Calculate the greatest common factor of 150 and 1440.
30
Calculate the highest common factor of 20 and 740.
20
What is the highest common divisor of 6 and 662?
2
Calculate the greatest common factor of 312 and 3.
3
What is the greatest common factor of 14 and 350?
14
Calculate the highest common factor of 217 and 93.
31
What is the highest common divisor of 299 and 46?
23
What is the highest common factor of 6731 and 1016?
127
What is the greatest common divisor of 7201 and 76?
19
Calculate the highest common divisor of 45 and 18.
9
Calculate the highest common divisor of 78 and 273.
39
Calculate the highest common divisor of 64 and 8704.
64
What is the greatest common divisor of 360 and 84?
12
What is the greatest common factor of 245 and 665?
35
What is the highest common factor of 55 and 10?
5
Calculate the highest common divisor of 200 and 220.
20
What is the highest common divisor of 24 and 88?
8
Calculate the greatest common divisor of 216 and 504.
72
What is the highest common divisor of 25374 and 6?
6
What is the greatest common factor of 82 and 2009?
41
What is the greatest common factor of 126 and 9054?
18
Calculate the highest common factor of 651 and 273.
21
Calculate the greatest common divisor of 374 and 396.
22
What is the greatest common factor of 25 and 625?
25
What is the greatest common divisor of 14 and 37898?
14
Calculate the greatest common divisor of 15 and 60.
15
What is the highest common factor of 14 and 49?
7
Calculate the highest common divisor of 58 and 58.
58
Calculate the greatest common factor of 72 and 33.
3
What is the greatest common divisor of 28 and 266?
14
What is the highest common factor of 114 and 228?
114
What is the greatest common factor of 104 and 182?
26
What is the greatest common factor of 289 and 68?
17
What is the greatest common divisor of 1781 and 13?
13
What is the highest common factor of 1280 and 56?
8
Calculate the greatest common divisor of 324 and 1884.
12
Calculate the highest common divisor of 230 and 10.
10
Calculate the highest common factor of 512 and 8.
8
What is the greatest common divisor of 2097 and 36?
9
Calculate the highest common divisor of 104 and 584.
8
What is the highest common factor of 896 and 5504?
128
Calculate the highest common divisor of 117 and 459.
9
Calculate the greatest common divisor of 680 and 40.
40
What is the greatest common divisor of 236 and 1298?
118
Calculate the greatest common divisor of 21 and 959.
7
Calculate the highest common divisor of 350 and 2300.
50
Calculate the highest common factor of 1265 and 165.
55
What is the highest common divisor of 141 and 183?
3
Calculate the greatest common divisor of 1365 and 840.
105
Calculate the hig